st the prime factors of x.
2, 5
Suppose 6*c - 4*c = -152. Suppose 3*n - 1 = 2, 0 = -2*s + 3*n + 175. Let m = s + c. List the prime factors of m.
13
Let n be (3/6)/(1/(-6)). Let j(h) = -16*h + 3*h - 222 + 214. What are the prime factors of j(n)?
31
Let h(i) = i**2 + 11*i - 10. Let y be h(-12). Suppose -9*l + y*l - 42 = 0. What are the prime factors of (-5 - l)/(2/4)?
2
Suppose 2*j - 3*p = -51 - 17, 0 = -3*j - 3*p - 72. List the prime factors of (-25118)/j + (-16)/224.
3, 13, 23
Let m(p) = 4*p**2 - 1. Let w be m(1). Suppose 4*c + h = 2*c + 827, w*h = 4*c - 1639. What are the prime factors of 6/(-15) - c/(-5)?
2, 41
Suppose 3*l - 732 = 5*d, 4*l + 0*d - 3*d = 976. Let c = 517 - l. List the prime factors of c.
3, 7, 13
Let f be 1 - (1 - -7) - 3. Let i be 92862/45 - (4/f + 0). Suppose h + 11*h - i = 0. List the prime factors of h.
2, 43
Suppose -22 = -4*i + 2*b, -2*b - 2 = 4. Suppose 4*l = -3*d + 8, 4*l - i = -0*d - 2*d. Suppose 2*q - 22 = -4*c - q, d*q + 8 = 0. What are the prime factors of c?
7
Let r be (11/3 + -6)*-105. Suppose 0 = -2*n + y + 255, 4*n + 3*y = 760 - r. List the prime factors of n.
2
Suppose -21*u + 126 = 21*u. Suppose u*h - 14*d = -13*d + 2278, 2*h - 4*d = 1522. List the prime factors of h.
3, 11, 23
Suppose 10 = 2*t + 8*t. List the prime factors of (-185*9/(-30))/(t/2).
3, 37
Let a be 57/38*4664/3. Suppose -3*n + a = -4*v, 5*n - 12*v - 3906 = -15*v. List the prime factors of n.
2, 3, 5, 13
Let o(i) = -11*i - 6. Let p be o(5). Let h = p + 88. List the prime factors of 1*(-7)/((-21)/h).
3
Let t(b) = -4101*b + 174. What are the prime factors of t(-2)?
2, 3, 349
Let m(g) = 305*g - 177. Let k be m(-3). Let n = -263 - k. What are the prime factors of n?
829
What are the prime factors of 50/(13000/(-732316))*(1/1 - 6)?
14083
Suppose 0 = u + 5, 0 = -6*f + f - 3*u + 35. What are the prime factors of -1 - (-6)/f - (-7688)/20?
2, 3
Suppose w + 1166 = -4*o + 13881, -4*o = 5*w - 63543. List the prime factors of w.
97, 131
List the prime factors of -82 + 95 + (-31562)/(-1).
3, 5, 421
Let h(r) = -9*r + 4. Let l(j) = 26*j - 12. Let x(n) = -14*h(n) - 5*l(n). Let i be x(-6). What are the prime factors of (12/21 - 2424/i)*-2?
2, 43
Let n = 2 - 2. Suppose 3*i + i + 12 = 0, n = -5*k - 5*i - 15. What are the prime factors of (89 - k) + (-8)/2?
5, 17
Let u be 43/(-9) + 344/72 + -5. What are the prime factors of u/3 + (-16)/(-6) - -415?
2, 13
What are the prime factors of (-8119512)/(-90) - 20/125*5?
2, 3, 7, 179
Let y = 34451 + -25524. What are the prime factors of y?
79, 113
What are the prime factors of (-20 - 1688)*1/((-12)/75) + -4?
3, 3557
Suppose 102508 = 8*b + 2820. List the prime factors of b.
17, 733
Let d(o) = -7*o + 48. Let h(n) = 10*n - 72. Let w(l) = -7*d(l) - 5*h(l). Let t be w(0). Let m = 65 - t. List the prime factors of m.
41
Let f(p) be the third derivative of 79*p**6/24 + p**5/60 + p**4/24 - p**3/3 + 55*p**2. List the prime factors of f(1).
5, 79
Let z be 944/(-12)*18/(-4). Suppose -4*r - r + 233 = -3*i, -2*r = 4*i + z. Let w = 185 + i. What are the prime factors of w?
3, 11
Suppose -85725 = -5*m + 355*r - 350*r, m - 5*r - 17153 = 0. List the prime factors of m.
7, 31, 79
Let b be 105/15 + -9 + 34*-9. Let g = 1088 - b. What are the prime factors of g?
2, 349
Suppose 2*z - 447 - 809 = -x, -8*z + x + 5004 = 0. List the prime factors of z.
2, 313
Let r be 1730/6 - 5/15. Suppose -9*o = 3*o - r. Suppose -l = -2*d + 18, 2*l - o = -4*d + l. List the prime factors of d.
7
Let h(z) be the third derivative of z**4/24 + 71*z**3/3 - 3*z**2. Suppose 4*l - 3*b + 3 = 0, -2*l - 15*b + 4 = -11*b. List the prime factors of h(l).
2, 71
Suppose 3*i + n - 7512 = 3556, 0 = -i - 5*n + 3708. What are the prime factors of i?
2, 461
Let s(m) = -4*m + 2. Let w be s(-3). Suppose 8 = 5*d - 32 - 5. Let z = w - d. List the prime factors of z.
5
Suppose 0 = 13*q - 5497 + 739. Suppose s + s = q. List the prime factors of s.
3, 61
Suppose -g = -3*o - 132, -4*g + o + 199 + 296 = 0. Let f = 1177 - g. What are the prime factors of f?
2, 17, 31
Suppose -5*x + x + 3232 = 0. Let m(v) = 14*v**3 - 163*v**2 + 323*v - 1. Let a be m(2). Suppose -a*b + 109*b = x. List the prime factors of b.
2, 101
Let p = 756 + -693. Suppose n - a - p - 1151 = 0, 5*a + 2434 = 2*n. What are the prime factors of n?
2, 3, 101
Let q be 3*3/(-9)*(-7 + -1). Suppose -14 - 2 = -q*b. Suppose -112 = -b*z - 14. What are the prime factors of z?
7
Let l(h) = 176*h + 60. Let j(s) = -s**3 + 10*s**2 - 2*s + 26. Let m be j(10). List the prime factors of l(m).
2, 3, 31
Let y(c) = c**3 + 28*c**2 - 64*c + 45. Let o be (-658)/22 - 3/33. What are the prime factors of y(o)?
3, 5, 11
Suppose -4*p + 5*r - 3*r + 798 = 0, 424 = 2*p + 4*r. Let k = 86 + p. List the prime factors of k.
2, 3
What are the prime factors of (-264426)/(-12) - (-55 - -57)/((-8)/(-6))?
2, 23, 479
Let t be (-1 + 4/2)/((-3)/(-597)). Suppose -j + r + 781 = 0, 1758 - t = 2*j + r. List the prime factors of j.
2, 3, 5, 13
List the prime factors of ((-871)/(-52) + -13)/((-3)/(-20260)).
5, 1013
Suppose -4*w - 4*v - 228 = 0, -w = -2*w + 2*v - 48. Let y = w - 358. Let u = 618 + y. What are the prime factors of u?
2, 103
Let b(g) be the third derivative of -g**6/120 + g**5/10 - g**4/24 + 94*g**3 + 147*g**2. What are the prime factors of b(0)?
2, 3, 47
Suppose 0*v = -4*v + 5*j + 308, -231 = -3*v - 3*j. Let s(g) = -4*g**2 - 115*g - 72. Let x be s(-28). List the prime factors of ((-1)/(-2)*x)/(2/v).
3, 7, 11
Let p be (-3 - (0 - 3))/1. Suppose 24 = -4*y + 5*z, p = -2*y + 2*z - 6 - 4. What are the prime factors of 759/11 + 2 + 3/y?
2, 17
Suppose -2*i = -2*p + 164, 0 = 3*p + 2*i - i - 250. Let o = p - 56. Let n = 99 - o. What are the prime factors of n?
2, 3
Let o(n) = 3*n - 63. Let l be o(22). What are the prime factors of 1/((-3)/60)*(-15)/l?
2, 5
Let f be (-2)/4 - (3222/12 + -5). Let m = -65 - f. Suppose 16 = 4*x, 5*x - 418 = -3*q + m. What are the prime factors of q?
199
Let w be (-48)/(-28)*(-70)/(-20). Let m(l) = -l**3 + 6*l**2 + 15. List the prime factors of m(w).
3, 5
Suppose 0 = -3*k + 4*l + 12, -2*l = -4*k - 7*l - 15. Suppose k = 14*i - 10*i - 4. List the prime factors of (i/(-3))/((-4)/1428).
7, 17
Let q be -2*2/(-4) + -1208 + 5. What are the prime factors of (1 - q)*(-12 - -10)/(-6)?
401
Suppose -3*k + 5*q = -103035, 22 = -2*q + 10. List the prime factors of k.
3, 5, 7, 109
Let x be 3/(2170/(-2185) + 1). Let u = -208 + x. List the prime factors of u.
229
Suppose -4*i + 449 + 835 = 0. List the prime factors of i.
3, 107
Suppose 15*v + 167759 - 566354 = 0. List the prime factors of v.
26573
Suppose 78*n - 4586120 = n. List the prime factors of n.
2, 5, 1489
Let d = 221 - 136. Let x(z) = z**3 - 13*z**2 + 16*z + 41. Let j be x(12). Let c = d + j. What are the prime factors of c?
2, 3, 29
Suppose -2674 = 5*h + 2*l, -5*h - 3*l - 1608 = -2*h. Let z = 994 + h. What are the prime factors of z?
2, 5, 23
Suppose 0*n - 50 = -10*n. Suppose 3*f + 105 = -3*p + 948, -n*p + 562 = 2*f. What are the prime factors of f?
281
Suppose -5*t - 2*q = -66, -3*t + 34 = -4*q - 16. List the prime factors of (-18 - 3)/((-6)/t).
7
Suppose -5*l = -4*v + 43405, -2*v - 10374 = -l - 32081. List the prime factors of v.
5, 13, 167
Let a(b) = b**3 + b**2 + 10*b - 4. Suppose 12*g + 312 = 51*g. List the prime factors of a(g).
2, 163
What are the prime factors of ((-92)/322)/(11/(-1045814))?
2, 6791
Suppose -3*o - 8*n = -5*n - 8187, 0 = -2*o - n + 5461. List the prime factors of o.
2, 683
Let p(q) = -q**3 + 20*q**2 - 27*q + 322. List the prime factors of p(19).
2, 5, 17
Suppose -166*k - 120645 = -187*k + 47418. List the prime factors of k.
53, 151
Suppose 27*g + 30*g - 131130 = 42*g. List the prime factors of g.
2, 3, 31, 47
Let a(j) = 790*j**2 - 15*j + 18. What are the prime factors of a(1)?
13, 61
What are the prime factors of 9651*(-11 + 176/(-36)*-3)?
11, 3217
Suppose -2*p + 6*x - 5*x = 0, -4*p - 4 = -3*x. Let o be 4/(-12)*(-24)/p. What are the prime factors of (-1)/(o/(-8)) + 78?
2, 5
Suppose -3*p = 2*p. Suppose p = 4*t + t + 315. List the prime factors of 0 - t - 24/12.
61
Let u be ((3 - 2) + -3)/(-1). List the prime factors of u - (2 - 1886)/6.
2, 79
Let m(t) = t**3 - 5*t**2 + 6*t + 38. Suppose -645*u = -655*u + 100. What are the prime factors of m(u)?
2, 13, 23
Let b = 193 - 193. 